548317?
False
Is 40688 a multiple of 9?
False
Is 53288 a multiple of 15?
False
Is 721897 a multiple of 803?
True
Is 134 a factor of 1952097?
False
Does 73 divide 4364668?
False
Is 99897 a multiple of 71?
True
Does 18 divide 1997285?
False
Is 500 a factor of 4839090?
False
Is 964 a factor of 289100?
False
Is 508 a factor of 31527791?
False
Is 74 a factor of 49358?
True
Is 113 a factor of 1525387?
True
Does 48 divide 30864?
True
Is 2809404 a multiple of 522?
True
Is 716308 a multiple of 262?
True
Does 12 divide 3588325?
False
Is 49723 a multiple of 19?
True
Does 437 divide 396359?
True
Is 3812221 a multiple of 1239?
False
Does 9 divide 15174?
True
Is 107314 a multiple of 6?
False
Is 233 a factor of 132810?
True
Is 199137 a multiple of 340?
False
Does 213 divide 144348?
False
Is 26 a factor of 240838?
True
Is 43 a factor of 24983?
True
Is 20 a factor of 221477?
False
Is 13958 a multiple of 20?
False
Is 43328182 a multiple of 26?
False
Is 15 a factor of 948230?
False
Is 136 a factor of 20264?
True
Is 16 a factor of 2712496?
True
Is 319968 a multiple of 39?
False
Is 16 a factor of 4740960?
True
Does 53 divide 1748364?
True
Is 5 a factor of 230325?
True
Is 114 a factor of 1647870?
True
Is 7 a factor of 43141?
True
Is 20748 a multiple of 38?
True
Is 161240 a multiple of 278?
True
Is 24 a factor of 281035?
False
Does 20 divide 8370320?
True
Is 8 a factor of 34885?
False
Is 62 a factor of 481616?
True
Is 1551223 a multiple of 157?
False
Is 22 a factor of 217046?
False
Is 591 a factor of 248566?
False
Does 10 divide 368790?
True
Is 14550 a multiple of 102?
False
Is 40509 a multiple of 3?
True
Is 21 a factor of 19531029?
True
Is 8689722 a multiple of 9?
False
Does 45 divide 1874043?
False
Is 182 a factor of 320463?
False
Does 72 divide 65016?
True
Does 9 divide 1507361?
False
Is 113 a factor of 1477814?
True
Does 145 divide 217645?
True
Does 3 divide 248699?
False
Is 145465 a multiple of 226?
False
Is 704041 a multiple of 8?
False
Is 10 a factor of 105082?
False
Is 1746425 a multiple of 36?
False
Is 632331 a multiple of 9?
True
Does 87 divide 244988?
False
Is 235712 a multiple of 39?
False
Is 120432 a multiple of 39?
True
Is 11 a factor of 182182?
True
Is 7345265 a multiple of 283?
True
Is 87706 a multiple of 56?
False
Is 300 a factor of 342300?
True
Is 54 a factor of 665820?
True
Is 23 a factor of 112691?
False
Is 31507 a multiple of 28?
False
Is 20 a factor of 884500?
True
Is 1704576 a multiple of 552?
True
Does 11 divide 417769?
True
Is 99 a factor of 274020?
False
Is 449 a factor of 602188?
False
Does 23 divide 117162?
True
Is 2055 a factor of 2476275?
True
Is 19 a factor of 166963?
False
Does 8 divide 621359?
False
Is 159955 a multiple of 128?
False
Is 5750189 a multiple of 105?
False
Is 492 a factor of 90201?
False
Does 48 divide 17376?
True
Is 187 a factor of 136510?
True
Is 366182 a multiple of 232?
False
Is 20 a factor of 1501088?
False
Is 1794 a factor of 4937088?
True
Does 1353 divide 8097705?
True
Is 44748 a multiple of 6?
True
Is 10 a factor of 388991?
False
Is 75 a factor of 15410994?
False
Is 146 a factor of 34890?
False
Is 25 a factor of 640896?
False
Does 722 divide 4728692?
False
Is 3091523 a multiple of 4?
False
Is 412445 a multiple of 55?
True
Is 416640 a multiple of 480?
True
Is 3803002 a multiple of 133?
True
Is 200798 a multiple of 7?
False
Does 11 divide 726113?
False
Is 234 a factor of 179946?
True
Is 482 a factor of 314746?
True
Does 1635 divide 19966620?
True
Does 947 divide 758390?
False
Is 6774194 a multiple of 45?
False
Is 30 a factor of 852390?
True
Is 403 a factor of 369461?
False
Is 466397 a multiple of 51?
False
Does 67 divide 189227?
False
Is 320724 a multiple of 531?
True
Does 437 divide 28430346?
True
Does 838 divide 251400?
True
Is 339894 a multiple of 9?
True
Does 20 divide 224460?
True
Does 9 divide 20956?
False
Is 177464 a multiple of 28?
True
Is 1128813 a multiple of 12?
False
Is 238799 a multiple of 187?
True
Is 7298992 a multiple of 654?
False
Does 45 divide 376650?
True
Is 192 a factor of 154908?
False
Does 18 divide 341856?
True
Is 108 a factor of 221554?
False
Is 7117990 a multiple of 38?
False
Is 6 a factor of 8807?
False
Is 243 a factor of 17513?
False
Is 10955398 a multiple of 1587?
False
Is 70429 a multiple of 429?
False
Is 551772 a multiple of 27?
True
Does 412 divide 29553918?
False
Is 238 a factor of 242522?
True
Is 14 a factor of 965090?
True
Is 167241 a multiple of 8?
False
Is 27 a factor of 373249?
False
Is 46 a factor of 628222?
True
Is 11749399 a multiple of 824?
False
Is 445980 a multiple of 30?
True
Is 102 a factor of 114484?
False
Does 1466 divide 8481619?
False
Is 1168376 a multiple of 8?
True
Is 41 a factor of 114290?
False
Is 23917912 a multiple of 2414?
True
Is 452351 a multiple of 109?
False
Is 474 a factor of 2255926?
False
Is 208 a factor of 148898?
False
Does 12 divide 548280?
True
Does 8 divide 849786?
False
Does 9 divide 86299?
False
Is 1171555 a multiple of 85?
True
Is 203 a factor of 2043804?
True
Does 12 divide 15224?
False
Is 163 a factor of 4807522?
True
Is 13 a factor of 6213776?
False
Is 16 a factor of 6583629?
False
Does 25 divide 5563175?
True
Is 14 a factor of 122486?
True
Is 11 a factor of 57585?
True
Is 142 a factor of 166149?
False
Is 15 a factor of 293091?
False
Is 186594 a multiple of 7?
False
Is 227973 a multiple of 25?
False
Is 84 a factor of 17963726?
False
Does 1014 divide 16836386?
False
Does 143 divide 3927352?
True
Does 138 divide 20960346?
False
Is 7 a factor of 51523?
False
Is 3635980 a multiple of 194?
False
Is 288974 a multiple of 12?
False
Does 297 divide 1239401?
False
Does 128 divide 10386181?
False
Is 484938 a multiple of 4?
False
Is 366174 a multiple of 54?
True
Does 60 divide 136500?
True
Is 1625 a multiple of 14?
False
Is 303293 a multiple of 227?
False
Does 516 divide 199692?
True
Is 33 a factor of 467247?
True
Is 251335 a multiple of 215?
True
Is 512708 a multiple of 357?
False
Is 140 a factor of 840840?
True
Is 133 a factor of 206037?
False
Is 16 a factor of 490016?
True
Is 154290 a multiple of 370?
True
Does 55 divide 110605?
True
Does 272 divide 876384?
True
Is 687276 a multiple of 204?
True
Is 21 a factor of 649076?
False
Does 243 divide 160137?
True
Does 12 divide 6710827?
False
Is 2563198 a multiple of 526?
True
Is 50 a factor of 38700?
True
Does 125 divide 61850?
False
Does 21 divide 394868?
False
Is 4416835 a multiple of 12?
False
Is 183 a factor of 12141?
False
Does 24 divide 86843?
False
Is 159156 a multiple of 12?
True
Does 177 divide 18622878?
True
Is 27 a factor of 4482272?
False
Is 99 a factor of 1725903?
False
Does 43 divide 394515?
False
Is 40 a factor of 3109531?
False
Is 6 a factor of 2692896?
True
Is 10 a factor of 3198350?
True
Is 103981 a multiple of 17?
False
Is 1316661 a multiple of 1241?
False
Is 5 a factor of 3913656?
False
Is 630 a factor of 5432581?
False
Is 44 a factor of 2168584?
True
Is 1217300 a multiple of 20?
True
Does 9 divide 133128?
True
Is 12206818 a multiple of 962?
True
Is 18 a factor of 30040?
False
Is 2772292 a multiple of 1382?
True
Does 15 divide 72450?
True
Is 433 a factor of 9860359?
False
Is 432332 a multiple of 58?
True
Is 4 a factor of 15313?
False
Is 35290 a multiple of 10?
True
Is 145 a factor of 201080?
False
Does 71 divide 9077776?
True
Is 14 a factor of 59486?
True
Is 16 a factor of 13038?
False
Is 67537 a multiple of 4?
False
Does 67 divide 7150774?
False
Does 37 divide 740407?
True
Does 28 divide 1152984?
True
Is 110340 a multiple of 32?
False
Is 21603 a multiple of 3?
True
Is 2244050 a multiple of 185?
True
Is 29 a factor of 1332463?
True
Is 79042 a multiple of 15?
False
Is 198 a factor of 401544?
True
Does 19 divide 11991242?
True
Does 927 divide 1995831?
True
Is 54 a factor of 18414?
True
Is 4 a factor of 686741?
False
Is 107 a factor of 72439?
True
Is 1738807 a multiple of 13?
False
Is 153238 a multiple of 38?
False
Is 4056335 a multiple of 14?
False
Is 571306 a multiple of 23?
False
Is 16 a factor of 6036032?
True
Is 2034505 a multiple of 3?
False
Is 595675 a multiple of 48?
False
Is 67200 even?
True
Is 11190 a multiple of 9?
False
Does 46 divide 682304?
False
Does 257 divide 1194279?
True
Is 1465905 a multiple of 523?
False
Does 79 divide 431004?
False
Is 258 a factor of 166075?
False